{"id":2006,"date":"2025-06-07T10:03:51","date_gmt":"2025-06-07T10:03:51","guid":{"rendered":"https:\/\/obp-media.de\/?page_id=2006"},"modified":"2025-06-08T19:52:50","modified_gmt":"2025-06-08T19:52:50","slug":"impressum","status":"publish","type":"page","link":"https:\/\/obp-media.de\/?page_id=2006","title":{"rendered":"Impressum"},"content":{"rendered":"\t\t<div data-elementor-type=\"wp-page\" data-elementor-id=\"2006\" class=\"elementor elementor-2006\">\n\t\t\t\t<div class=\"elementor-element elementor-element-690cc76 e-grid e-con-boxed e-con e-parent\" data-id=\"690cc76\" data-element_type=\"container\">\n\t\t\t\t\t<div class=\"e-con-inner\">\n\t\t<div class=\"elementor-element elementor-element-99446c9 e-con-full e-flex e-con e-child\" data-id=\"99446c9\" data-element_type=\"container\">\n\t\t\t\t<div class=\"elementor-element elementor-element-dde53b4 elementor-widget elementor-widget-heading\" data-id=\"dde53b4\" data-element_type=\"widget\" data-widget_type=\"heading.default\">\n\t\t\t\t<div class=\"elementor-widget-container\">\n\t\t\t\t\t<h2 class=\"elementor-heading-title elementor-size-default\">Kontaktinformationen<\/h2>\t\t\t\t<\/div>\n\t\t\t\t<\/div>\n\t\t\t\t<div class=\"elementor-element elementor-element-0b4a177 elementor-widget elementor-widget-text-editor\" data-id=\"0b4a177\" data-element_type=\"widget\" data-widget_type=\"text-editor.default\">\n\t\t\t\t<div class=\"elementor-widget-container\">\n\t\t\t\t\t\t\t\t\t<p>Luis Karsten Wulff<br \/>Bebelstra\u00dfe 24<br \/>32049 Herford<\/p><p>Tel: 01511 5445274<br \/>Mail: info@obp-media.de<\/p><p>OBP Media ist ein Kollektiv aus K\u00fcnstlern und Freiberuflern.<\/p>\t\t\t\t\t\t\t\t<\/div>\n\t\t\t\t<\/div>\n\t\t\t\t<\/div>\n\t\t<div class=\"elementor-element elementor-element-6a48991 e-con-full e-flex e-con e-child\" data-id=\"6a48991\" data-element_type=\"container\">\n\t\t\t\t<div class=\"elementor-element elementor-element-12d484e elementor-widget elementor-widget-heading\" data-id=\"12d484e\" data-element_type=\"widget\" data-widget_type=\"heading.default\">\n\t\t\t\t<div class=\"elementor-widget-container\">\n\t\t\t\t\t<h2 class=\"elementor-heading-title elementor-size-default\">Haftung f\u00fcr Inhalte<\/h2>\t\t\t\t<\/div>\n\t\t\t\t<\/div>\n\t\t\t\t<div class=\"elementor-element elementor-element-b986f18 elementor-widget elementor-widget-text-editor\" data-id=\"b986f18\" data-element_type=\"widget\" data-widget_type=\"text-editor.default\">\n\t\t\t\t<div class=\"elementor-widget-container\">\n\t\t\t\t\t\t\t\t\t<p>Als Diensteanbieter sind wir gem\u00e4\u00df \u00a7 7 Abs.1 TMG f\u00fcr eigene Inhalte auf diesen Seiten nach den allgemeinen Gesetzen verantwortlich. Nach \u00a7\u00a7 8 bis 10 TMG sind wir als Diensteanbieter jedoch nicht verpflichtet, \u00fcbermittelte oder gespeicherte fremde Informationen zu \u00fcberwachen oder nach Umst\u00e4nden zu forschen, die auf eine rechtswidrige T\u00e4tigkeit hinweisen. Verpflichtungen zur Entfernung oder Sperrung der Nutzung von Informationen nach den allgemeinen Gesetzen bleiben hiervon unber\u00fchrt. Eine diesbez\u00fcgliche Haftung ist jedoch erst ab dem Zeitpunkt der Kenntnis einer konkreten Rechtsverletzung m\u00f6glich. Bei Bekanntwerden von entsprechenden Rechtsverletzungen werden wir diese Inhalte umgehend entfernen.<\/p>\t\t\t\t\t\t\t\t<\/div>\n\t\t\t\t<\/div>\n\t\t\t\t<\/div>\n\t\t<div class=\"elementor-element elementor-element-ab2badb e-con-full e-flex e-con e-child\" data-id=\"ab2badb\" data-element_type=\"container\">\n\t\t\t\t<div class=\"elementor-element elementor-element-1e2e095 elementor-widget elementor-widget-heading\" data-id=\"1e2e095\" data-element_type=\"widget\" data-widget_type=\"heading.default\">\n\t\t\t\t<div class=\"elementor-widget-container\">\n\t\t\t\t\t<h2 class=\"elementor-heading-title elementor-size-default\">Haftung f\u00fcr Links<\/h2>\t\t\t\t<\/div>\n\t\t\t\t<\/div>\n\t\t\t\t<div class=\"elementor-element elementor-element-efde6ab elementor-widget elementor-widget-text-editor\" data-id=\"efde6ab\" data-element_type=\"widget\" data-widget_type=\"text-editor.default\">\n\t\t\t\t<div class=\"elementor-widget-container\">\n\t\t\t\t\t\t\t\t\t<p>Unser Angebot enth\u00e4lt Links zu externen Webseiten Dritter, auf deren Inhalte wir keinen Einfluss haben. Deshalb k\u00f6nnen wir f\u00fcr diese fremden Inhalte auch keine Gew\u00e4hr \u00fcbernehmen. F\u00fcr die Inhalte der verlinkten Seiten ist stets der jeweilige Anbieter oder Betreiber der Seiten verantwortlich. Die verlinkten Seiten wurden zum Zeitpunkt der Verlinkung auf m\u00f6gliche Rechtsverst\u00f6\u00dfe \u00fcberpr\u00fcft. Rechtswidrige Inhalte waren zum Zeitpunkt der Verlinkung nicht erkennbar. Eine permanente inhaltliche Kontrolle der verlinkten Seiten ist jedoch ohne konkrete Anhaltspunkte einer Rechtsverletzung nicht zumutbar. Bei Bekanntwerden von Rechtsverletzungen werden wir derartige Links umgehend entfernen.<\/p>\t\t\t\t\t\t\t\t<\/div>\n\t\t\t\t<\/div>\n\t\t\t\t<\/div>\n\t\t\t\t\t<\/div>\n\t\t\t\t<\/div>\n\t\t\t\t<\/div>\n\t\t","protected":false},"excerpt":{"rendered":"<p>Kontaktinformationen Luis Karsten WulffBebelstra\u00dfe 2432049 Herford Tel: 01511 5445274Mail: info@obp-media.de OBP Media ist ein Kollektiv aus K\u00fcnstlern und Freiberuflern. Haftung f\u00fcr Inhalte Als Diensteanbieter sind wir gem\u00e4\u00df \u00a7 7 Abs.1 TMG f\u00fcr eigene Inhalte auf diesen Seiten nach den allgemeinen Gesetzen verantwortlich. Nach \u00a7\u00a7 8 bis 10 TMG sind wir als Diensteanbieter jedoch nicht verpflichtet, [&hellip;]<\/p>\n","protected":false},"author":1,"featured_media":0,"parent":0,"menu_order":0,"comment_status":"closed","ping_status":"closed","template":"","meta":{"footnotes":""},"class_list":["post-2006","page","type-page","status-publish","hentry"],"blocksy_meta":[],"yoast_head":"<!-- This site is optimized with the Yoast SEO plugin v26.8 - https:\/\/yoast.com\/product\/yoast-seo-wordpress\/ -->\n<title>Impressum - OBP-Media<\/title>\n<meta name=\"robots\" content=\"index, follow, max-snippet:-1, max-image-preview:large, max-video-preview:-1\" \/>\n<link rel=\"canonical\" href=\"https:\/\/obp-media.de\/?page_id=2006\" \/>\n<meta property=\"og:locale\" content=\"en_US\" \/>\n<meta property=\"og:type\" content=\"article\" \/>\n<meta property=\"og:title\" content=\"Impressum - OBP-Media\" \/>\n<meta property=\"og:description\" content=\"Kontaktinformationen Luis Karsten WulffBebelstra\u00dfe 2432049 Herford Tel: 01511 5445274Mail: info@obp-media.de OBP Media ist ein Kollektiv aus K\u00fcnstlern und Freiberuflern. Haftung f\u00fcr Inhalte Als Diensteanbieter sind wir gem\u00e4\u00df \u00a7 7 Abs.1 TMG f\u00fcr eigene Inhalte auf diesen Seiten nach den allgemeinen Gesetzen verantwortlich. Nach \u00a7\u00a7 8 bis 10 TMG sind wir als Diensteanbieter jedoch nicht verpflichtet, [&hellip;]\" \/>\n<meta property=\"og:url\" content=\"https:\/\/obp-media.de\/?page_id=2006\" \/>\n<meta property=\"og:site_name\" content=\"OBP-Media\" \/>\n<meta property=\"article:modified_time\" content=\"2025-06-08T19:52:50+00:00\" \/>\n<meta name=\"twitter:card\" content=\"summary_large_image\" \/>\n<meta name=\"twitter:label1\" content=\"Est. reading time\" \/>\n\t<meta name=\"twitter:data1\" content=\"1 minute\" \/>\n<script type=\"application\/ld+json\" class=\"yoast-schema-graph\">{\"@context\":\"https:\/\/schema.org\",\"@graph\":[{\"@type\":\"WebPage\",\"@id\":\"https:\/\/obp-media.de\/?page_id=2006\",\"url\":\"https:\/\/obp-media.de\/?page_id=2006\",\"name\":\"Impressum - OBP-Media\",\"isPartOf\":{\"@id\":\"https:\/\/obp-media.de\/#website\"},\"datePublished\":\"2025-06-07T10:03:51+00:00\",\"dateModified\":\"2025-06-08T19:52:50+00:00\",\"breadcrumb\":{\"@id\":\"https:\/\/obp-media.de\/?page_id=2006#breadcrumb\"},\"inLanguage\":\"en-US\",\"potentialAction\":[{\"@type\":\"ReadAction\",\"target\":[\"https:\/\/obp-media.de\/?page_id=2006\"]}]},{\"@type\":\"BreadcrumbList\",\"@id\":\"https:\/\/obp-media.de\/?page_id=2006#breadcrumb\",\"itemListElement\":[{\"@type\":\"ListItem\",\"position\":1,\"name\":\"Home\",\"item\":\"https:\/\/obp-media.de\/\"},{\"@type\":\"ListItem\",\"position\":2,\"name\":\"Impressum\"}]},{\"@type\":\"WebSite\",\"@id\":\"https:\/\/obp-media.de\/#website\",\"url\":\"https:\/\/obp-media.de\/\",\"name\":\"OBP-Media\",\"description\":\"\",\"publisher\":{\"@id\":\"https:\/\/obp-media.de\/#organization\"},\"potentialAction\":[{\"@type\":\"SearchAction\",\"target\":{\"@type\":\"EntryPoint\",\"urlTemplate\":\"https:\/\/obp-media.de\/?s={search_term_string}\"},\"query-input\":{\"@type\":\"PropertyValueSpecification\",\"valueRequired\":true,\"valueName\":\"search_term_string\"}}],\"inLanguage\":\"en-US\"},{\"@type\":\"Organization\",\"@id\":\"https:\/\/obp-media.de\/#organization\",\"name\":\"OBP-Media\",\"url\":\"https:\/\/obp-media.de\/\",\"logo\":{\"@type\":\"ImageObject\",\"inLanguage\":\"en-US\",\"@id\":\"https:\/\/obp-media.de\/#\/schema\/logo\/image\/\",\"url\":\"https:\/\/obp-media.de\/wp-content\/uploads\/2025\/06\/OBP-scaled.png\",\"contentUrl\":\"https:\/\/obp-media.de\/wp-content\/uploads\/2025\/06\/OBP-scaled.png\",\"width\":2560,\"height\":1226,\"caption\":\"OBP-Media\"},\"image\":{\"@id\":\"https:\/\/obp-media.de\/#\/schema\/logo\/image\/\"}}]}<\/script>\n<!-- \/ Yoast SEO plugin. -->","yoast_head_json":{"title":"Impressum - OBP-Media","robots":{"index":"index","follow":"follow","max-snippet":"max-snippet:-1","max-image-preview":"max-image-preview:large","max-video-preview":"max-video-preview:-1"},"canonical":"https:\/\/obp-media.de\/?page_id=2006","og_locale":"en_US","og_type":"article","og_title":"Impressum - OBP-Media","og_description":"Kontaktinformationen Luis Karsten WulffBebelstra\u00dfe 2432049 Herford Tel: 01511 5445274Mail: info@obp-media.de OBP Media ist ein Kollektiv aus K\u00fcnstlern und Freiberuflern. Haftung f\u00fcr Inhalte Als Diensteanbieter sind wir gem\u00e4\u00df \u00a7 7 Abs.1 TMG f\u00fcr eigene Inhalte auf diesen Seiten nach den allgemeinen Gesetzen verantwortlich. Nach \u00a7\u00a7 8 bis 10 TMG sind wir als Diensteanbieter jedoch nicht verpflichtet, [&hellip;]","og_url":"https:\/\/obp-media.de\/?page_id=2006","og_site_name":"OBP-Media","article_modified_time":"2025-06-08T19:52:50+00:00","twitter_card":"summary_large_image","twitter_misc":{"Est. reading time":"1 minute"},"schema":{"@context":"https:\/\/schema.org","@graph":[{"@type":"WebPage","@id":"https:\/\/obp-media.de\/?page_id=2006","url":"https:\/\/obp-media.de\/?page_id=2006","name":"Impressum - OBP-Media","isPartOf":{"@id":"https:\/\/obp-media.de\/#website"},"datePublished":"2025-06-07T10:03:51+00:00","dateModified":"2025-06-08T19:52:50+00:00","breadcrumb":{"@id":"https:\/\/obp-media.de\/?page_id=2006#breadcrumb"},"inLanguage":"en-US","potentialAction":[{"@type":"ReadAction","target":["https:\/\/obp-media.de\/?page_id=2006"]}]},{"@type":"BreadcrumbList","@id":"https:\/\/obp-media.de\/?page_id=2006#breadcrumb","itemListElement":[{"@type":"ListItem","position":1,"name":"Home","item":"https:\/\/obp-media.de\/"},{"@type":"ListItem","position":2,"name":"Impressum"}]},{"@type":"WebSite","@id":"https:\/\/obp-media.de\/#website","url":"https:\/\/obp-media.de\/","name":"OBP-Media","description":"","publisher":{"@id":"https:\/\/obp-media.de\/#organization"},"potentialAction":[{"@type":"SearchAction","target":{"@type":"EntryPoint","urlTemplate":"https:\/\/obp-media.de\/?s={search_term_string}"},"query-input":{"@type":"PropertyValueSpecification","valueRequired":true,"valueName":"search_term_string"}}],"inLanguage":"en-US"},{"@type":"Organization","@id":"https:\/\/obp-media.de\/#organization","name":"OBP-Media","url":"https:\/\/obp-media.de\/","logo":{"@type":"ImageObject","inLanguage":"en-US","@id":"https:\/\/obp-media.de\/#\/schema\/logo\/image\/","url":"https:\/\/obp-media.de\/wp-content\/uploads\/2025\/06\/OBP-scaled.png","contentUrl":"https:\/\/obp-media.de\/wp-content\/uploads\/2025\/06\/OBP-scaled.png","width":2560,"height":1226,"caption":"OBP-Media"},"image":{"@id":"https:\/\/obp-media.de\/#\/schema\/logo\/image\/"}}]}},"_links":{"self":[{"href":"https:\/\/obp-media.de\/index.php?rest_route=\/wp\/v2\/pages\/2006","targetHints":{"allow":["GET"]}}],"collection":[{"href":"https:\/\/obp-media.de\/index.php?rest_route=\/wp\/v2\/pages"}],"about":[{"href":"https:\/\/obp-media.de\/index.php?rest_route=\/wp\/v2\/types\/page"}],"author":[{"embeddable":true,"href":"https:\/\/obp-media.de\/index.php?rest_route=\/wp\/v2\/users\/1"}],"replies":[{"embeddable":true,"href":"https:\/\/obp-media.de\/index.php?rest_route=%2Fwp%2Fv2%2Fcomments&post=2006"}],"version-history":[{"count":10,"href":"https:\/\/obp-media.de\/index.php?rest_route=\/wp\/v2\/pages\/2006\/revisions"}],"predecessor-version":[{"id":2044,"href":"https:\/\/obp-media.de\/index.php?rest_route=\/wp\/v2\/pages\/2006\/revisions\/2044"}],"wp:attachment":[{"href":"https:\/\/obp-media.de\/index.php?rest_route=%2Fwp%2Fv2%2Fmedia&parent=2006"}],"curies":[{"name":"wp","href":"https:\/\/api.w.org\/{rel}","templated":true}]}}